- x. Suppose -h = -2*f + t, -3*f - 4*h = -6*h - 22. Calculate the remainder when 14 is divided by f.
6
Suppose 3*r = 3*f - 72, 4*f = -f + 3*r + 116. Suppose p + 0*b = 5*b + f, -6 = -2*b. What is the remainder when p is divided by 10?
7
Let p be 8/(6/(2 + 1)). Suppose 20 = 2*v - p*b, v + 2*v = -2*b + 14. Suppose 2*i - 2*r = v, 0 = i - 2*r - r - 5. What is the remainder when 5 is divided by i?
1
Let r = 33 + -54. Calculate the remainder when 6/21 + (-960)/r is divided by 16.
14
Suppose -3*x - 6 = -x. Let c = x + 10. Let q = 10 + 2. What is the remainder when q is divided by c?
5
Let r = 65 - 60. Calculate the remainder when 34 is divided by r.
4
Let f = 68 - 41. Calculate the remainder when 92 is divided by f.
11
What is the remainder when 32 is divided by (0 - -17) + 0/(-2)?
15
Calculate the remainder when 44 is divided by 36*(-1 - (-8)/6).
8
Let q(t) = -t**2 - 21*t - 12. Calculate the remainder when q(-17) is divided by 6.
2
Suppose -3*b = -5*h + 2*b + 75, -46 = -3*h + 2*b. Calculate the remainder when 1*(2 - 1)*31 is divided by h.
15
Let z be 2 + -6*(-3)/6. Suppose i - 20 - 58 = -z*p, 4*i = 5*p + 212. Calculate the remainder when i is divided by 15.
13
Suppose -v + 141 + 384 = 4*c, -3*v - 652 = -5*c. What is the remainder when c is divided by 44?
43
Suppose 5*w = 2*d + 12, -5*w + 5 = 2*d - 3. Let j = 2 + d. Calculate the remainder when j is divided by 1.
0
Suppose -36 = -3*i + 12. Let t = -10 + i. What is the remainder when 10 is divided by t?
4
Let m be (-103)/(-1) + 1/1. Let z = m - 29. Suppose 4*i = -11 + z. Calculate the remainder when i is divided by 6.
4
Calculate the remainder when 88 is divided by (1 - -2) + (-33)/(-11).
4
What is the remainder when 41 is divided by (-4 - -6)/(4/22)?
8
Let k = 17 + 14. What is the remainder when k is divided by 16?
15
What is the remainder when 62 is divided by 32/(-4 - -6) + 0?
14
Let c be 161/35 - (-2)/5. Suppose -c*h + 24 = -81. Calculate the remainder when 39 is divided by h.
18
Let g(d) = 2*d**2 - 11*d + 19. Calculate the remainder when g(6) is divided by 7.
4
Suppose 0 = u - 4*u + 12. Suppose 2*d - u*d = -18. What is the remainder when d is divided by ((-2)/(-3))/((-6)/(-45))?
4
Let h(v) = -v + 1. Let g be h(0). Suppose 5*y = -g + 26. Calculate the remainder when 8 is divided by y.
3
Let x = 2 + 0. Suppose x*p = 6*p - 36. Calculate the remainder when 3/5 - (-762)/30 is divided by p.
8
Let j(g) = -8*g + 6. Let u be j(-6). Let p = 2 + u. What is the remainder when p is divided by 19?
18
Suppose 0 = a - 4. Suppose -5*h + 15 = 4*r - 0*r, -2*h - 2 = 0. Calculate the remainder when r is divided by (12/(-8))/((-2)/a).
2
Calculate the remainder when -6*(-12)/32*12 is divided by 10.
7
Let i(v) = v**3 + 2*v**2 - 1. Let s be i(1). Suppose s*z + z = 6. Suppose -4*f + z*f = -18. Calculate the remainder when 16 is divided by f.
7
Let r = 1 - -18. Calculate the remainder when 55 is divided by r.
17
What is the remainder when (-564)/(-9) - (8/(-6) - -1) is divided by 16?
15
Let t = 1 + 6. What is the remainder when 27 is divided by t?
6
Let h be 5/(-15) - (-32)/6. Let r = h - 1. Calculate the remainder when (30/2)/(6/4) is divided by r.
2
Suppose -12 = -3*j + 15. What is the remainder when 16 is divided by j?
7
Suppose 0 = 3*j - 9, 4*q + 4*j = 6*q - 6. Suppose -4*g = -7*g + q. Calculate the remainder when 3 is divided by g.
0
Let g(m) = -m**2 + 15*m - 10. Calculate the remainder when g(12) is divided by 17.
9
Suppose 2*j + 3*i = -2*i + 45, 3*j - 70 = -5*i. What is the remainder when j is divided by 1 - -12 - 0/2?
12
Let i = 9 - 4. Let w(z) = 8 + i - 6 - 8*z. Calculate the remainder when w(-6) is divided by 19.
17
Let h(w) = 18*w - 11. What is the remainder when h(6) is divided by 25?
22
Suppose 8*u - 287 = 2097. Calculate the remainder when u is divided by 75.
73
Let b(o) be the first derivative of 3*o**2/2 + 8*o + 1. Calculate the remainder when b(6) is divided by 9.
8
Let i = 9 - 3. Calculate the remainder when i is divided by 4.
2
Suppose 4*f - 6 - 2 = 0. Calculate the remainder when 9 is divided by f.
1
Calculate the remainder when 26 is divided by (10/(-5))/((-2)/9).
8
Suppose 13*y - 18*y = -5*w + 50, 0 = -5*y + 15. What is the remainder when 494/10 - 4/10 is divided by w?
10
Suppose -76 = -y + 5*u, -y - 5*u - 218 = -4*y. What is the remainder when y is divided by 19?
14
Let b(j) = -4 - j - 1 - 1. Let n be b(-9). Suppose -n*r = -l, 3*r = l - 2*l + 18. What is the remainder when 25 is divided by l?
7
Let z = 81 + 118. What is the remainder when z is divided by 40?
39
Suppose 11*a = 628 + 384. What is the remainder when a is divided by 19?
16
Let x = -12 - -31. Calculate the remainder when 73 is divided by x.
16
Let o(z) = 2*z**2 - 4*z + 5. Let j(a) = -a**3 + 4*a**2 + 2*a - 3. Let h be j(4). What is the remainder when o(h) is divided by 12?
11
Suppose -5*s + 34 = -a, a = s - 5*s + 29. Calculate the remainder when 54 is divided by s.
5
Suppose -14 + 107 = 3*s. Suppose -m = -2*m + s. What is the remainder when 60 is divided by m?
29
Let j = 21 - 19. Suppose 0 = m - j*m + 26. What is the remainder when m is divided by 10?
6
Suppose -16 = 3*v - 7, 2*y + v = 5. What is the remainder when 8 is divided by y?
0
Suppose -n = 4*u - 3, -4*n + 1 - 4 = u. Let y = 6 + u. Calculate the remainder when 13 is divided by y.
6
Suppose -2*i - 2*i = -64. What is the remainder when 31 is divided by i?
15
Let r(f) = -f + 4. Let b(c) = -c**3 + 7*c**2 + 9*c + 3. What is the remainder when b(8) is divided by r(0)?
3
Suppose 2*l - 5 = z - 116, 289 = 3*z + 5*l. Calculate the remainder when z is divided by 15.
13
Let r be (1/(-3))/((-2)/18). Suppose 2*k + r*k - 155 = 0. What is the remainder when k is divided by 8?
7
Suppose y - 15 = 11. Calculate the remainder when y is divided by 9.
8
Suppose -2*h + 4*h = -5*o + 46, 3*h - 49 = -5*o. Calculate the remainder when o is divided by 6.
2
Suppose -8 = -5*h - 53. What is the remainder when 11 is divided by 4*h/(-6) - -1?
4
Suppose 5*o + 12 = 307. Let d(u) = -u**3 - u - 18. Let f be d(0). What is the remainder when o is divided by 100/(-6)*f/15?
19
Suppose -22*l + 26 = -21*l. Calculate the remainder when 47 is divided by l.
21
Let n(r) = r**2 - 5*r - 1. Let m be n(7). Let k = m - 8. What is the remainder when 9 is divided by k?
4
Let k = 631 - 597. Let q(s) = -s**3 + 5*s**2 + 2*s - 1. Let o be q(5). Suppose 0 = 4*a - o - 39. Calculate the remainder when k is divided by a.
10
Suppose -z = 4*z. What is the remainder when 42 is divided by 2 + (20 - 0) + z?
20
Let u(p) = p + 1. Let f(w) = w**2 + 5*w + 1. Let l(s) = -f(s) - 2*u(s). Let v = -6 - -17. Calculate the remainder when v is divided by l(-5).
4
Let v(f) be the first derivative of -f**3/3 + f**2/2 + 6*f - 6. What is the remainder when 15 is divided by v(0)?
3
Let o = 57 + -42. What is the remainder when 39 is divided by o?
9
Suppose -3 = -l - 2*l, 4*z - 146 = 2*l. Suppose -2*d - 17 = -43. What is the remainder when z is divided by d?
11
Let y = 16 + -13. Suppose -7*t + 88 = -y*t. What is the remainder when t is divided by 6?
4
Let u = 44 + -38. Calculate the remainder when u is divided by 2.
0
Let p(l) = l**3 - 12*l**2 + 22*l + 5. Calculate the remainder when p(10) is divided by 15.
10
Let s(o) be the second derivative of 2*o**4/3 + o**3/3 - o**2/2 + 9*o. What is the remainder when 105 is divided by s(-2)?
24
Let l(u) = -15*u - 21. Calculate the remainder when l(-6) is divided by 15.
9
Let z = -50 - -24. Let n be -1 + 0 + 2 + z. What is the remainder when n/((-1*2)/2) is divided by 9?
7
Let i = 45 - 23. Calculate the remainder when i is divided by 4.
2
Let f = -29 + 41. What is the remainder when 47 is divided by f?
11
Let z = -24 + 28. Suppose 0 = 3*u + 3, c + c = -5*u + 17. Calculate the remainder when c is divided by z.
3
Let i = 40 - 24. What is the remainder when 58 is divided by i?
10
Let j(b) = b**3 + 2*b**2 + 2*b + 1. Suppose -n = -2*n - 1. What is the remainder when j(3) is divided by (n - 1)*(-10 + 1)?
16
Suppose -5*y - 39 = -3*i, -i = -3*i + 5*y + 31. Calculate the remainder when 22 is divided by i.
6
Let s = 37 - 28. What is the remainder when 18 + 1 + (-3 - -1) is divided by s?
8
Suppose 3*a + 4*k = 3, -4*a + 0*a - 2*k + 14 = 0. Let v = a + 4. Let r(m) = m**3 - 6*m**2 + 6. What is the remainder when v is divided by r(6)?
3
S